 f + -29. What are the prime factors of b?
11
Let v = 18 - 14. Suppose -t + v = t. Suppose t*l = 36 + 20. List the prime factors of l.
2, 7
Suppose 6*r = 3*r + v - 2, -2*r - 3*v - 16 = 0. Let t(f) = 20*f + 3. Let d be t(r). Let a = d + 57. List the prime factors of a.
2, 5
List the prime factors of 2 - 1638/(-3) - (14 + -14).
2, 137
Let w(q) be the second derivative of q**4/12 + 2*q**3/3 + 7*q**2 + 18*q. What are the prime factors of w(-7)?
5, 7
Let u(y) = -156*y - 4. List the prime factors of u(-4).
2, 5, 31
Let l be 9/(-6)*(-24)/9. What are the prime factors of l/(((-3)/(-47))/((-18)/(-12)))?
2, 47
Suppose -3*x + 5*w + 19 = -6*x, w = 2*x - 9. Suppose -2*g = -8 - x. Let i(n) = n**2 - 2*n + 1. What are the prime factors of i(g)?
2
Let j(m) = -m**3 + 20*m**2 + 17*m + 44. Let c be j(21). Let i = c - -98. What are the prime factors of i?
2, 29
Suppose -3*k + 2 = 2*g - 0, -4*g = k + 6. Suppose 3*i = 3, 2*h + 167 = 4*h - i. Suppose 38 = k*s - h. What are the prime factors of s?
61
Let q(z) = 11 - 36 + 2*z**2 + z + 2*z - z**2. What are the prime factors of q(11)?
3, 43
Let i be (-2)/3*(-33)/22. Suppose -i + 45 = p. Suppose 3*v + p = 2*z - 0*z, -49 = -3*z - 4*v. List the prime factors of z.
19
Suppose 11*x - 2752 = 2165. List the prime factors of x.
3, 149
Let n be 43/7 + 5/(-35). Let v be ((-16)/n)/((-2)/3). Suppose 0 = -6*r + v*r + 28. List the prime factors of r.
2, 7
Suppose 3*x + 5*x - 72 = 0. Let r(l) = -27*l - l**2 + 44*l - 35*l - 25 + x. What are the prime factors of r(-12)?
2, 7
Suppose 105*m = 100*m + 4275. List the prime factors of m.
3, 5, 19
Let q be (-5)/(25/(-255))*-1. Let i = -15 - q. What are the prime factors of i?
2, 3
Let o = 22 - 22. Suppose o = -2*m - 2*m + 336. Suppose 4*t - t - m = 0. List the prime factors of t.
2, 7
List the prime factors of ((-18)/2)/(15/(-4335)).
3, 17
Let y = 93 + -49. What are the prime factors of 11/(4*1/y)?
11
Let a be (-2869)/(-9) + (-4)/(-18). Suppose 3*p - 3*r = 71 + a, 5*r = -4*p + 565. What are the prime factors of p?
3, 5
Let f be 102/(-30) + (-3)/5. List the prime factors of (-2)/f*(1341 - -3)/6.
2, 7
Suppose 3*r - 282 = -5*i, r + 12 = 2*i - 92. Suppose b - 8 = i. List the prime factors of b.
2, 31
Let f(j) = 2*j + 87. Let a be f(0). Let c = a + -51. Suppose 3*r - 90 = c. What are the prime factors of r?
2, 3, 7
Suppose 6*w = 576 - 0. List the prime factors of w.
2, 3
List the prime factors of -615*(-5 - (-22)/6).
2, 5, 41
Suppose o + 2*o = 453. Let i = o + -42. List the prime factors of i.
109
Let a(n) = n**2 - 10*n + 13. Let j be a(8). Let k = -164 - -74. List the prime factors of k/24*20/j.
5
Let z = -37 + 37. Suppose 3*x = -5*t + 334, -2*t - 2*t + 3*x + 278 = z. List the prime factors of t.
2, 17
Suppose 5*w + 81 = -4*l + 12, -31 = 2*l - w. Let i be l*(1 + 2/(-4)). Let f = -3 - i. What are the prime factors of f?
5
Let l = 94 + -69. What are the prime factors of l?
5
Let u(r) = -5*r - 1. Suppose -4*v + 3 = k, 2*k - 3 = -4*v - 1. Let m be u(k). Suppose -3*h = m*h - 35. What are the prime factors of h?
5
Let o(x) = 2*x + 4. Let b be o(-2). Suppose b = -2*r + r + 17. Suppose 20*y = r*y + 135. List the prime factors of y.
3, 5
Let f(g) = -g**2 + 11*g + 7. Let j(p) = -1 - 2 + 12*p**2 + 2*p - 10*p**2. Let z be j(-3). List the prime factors of f(z).
5
What are the prime factors of (-10)/35 + 1 + 15441/21?
2, 23
Suppose -3*n + 0*l = 2*l - 39, 2*n + 3*l = 31. Let s = -155 - -231. Suppose 5*c - s = -n. List the prime factors of c.
13
Let k be (54/12)/(6/(-16)). Let x be -3*(-9)/k*12. What are the prime factors of 38/3 - (-18)/x?
2, 3
Suppose a - 37 - 12 = 0. Suppose 2*n - a = 39. List the prime factors of n.
2, 11
Let h be (1 - 0) + 2*-2. Let s = 91 + -78. Let q = s + h. What are the prime factors of q?
2, 5
Let v = 62 - 25. Let j = v + -25. What are the prime factors of j?
2, 3
Let i = 5 - 3. Suppose i*x = 5*w - 24, -2*x + 2*w - 14 = x. What are the prime factors of x/(1/9*-1)?
2, 3
Let h(x) = -21*x + 3. Let t be h(2). Let r = t - -42. List the prime factors of r.
3
Suppose 0 = -5*j + 8 + 12. Suppose 5*h - 5*o = -j*o + 36, -3*h + 2*o = -16. List the prime factors of h.
2
Suppose -3*c + 5*c = -4. Let y = -1 - c. List the prime factors of (15/2)/(y/2).
3, 5
Let u = 33 - 21. Suppose 3*v - 9 = n, u = 3*v - 2*n - 0. Suppose 5*c - j = 78, -3*c = v*j - 44 - 8. List the prime factors of c.
2
Let o(w) = 5*w**2 + 17*w + 2. Let x(h) = 4*h**2 + 16*h + 3. Let y(i) = 5*o(i) - 6*x(i). Let d be y(12). Suppose 3*c = d*c - 27. List the prime factors of c.
3
Let z(t) = t**3 + 35*t**2 + 49*t + 220. What are the prime factors of z(-33)?
11, 71
Let y(j) = 2*j**3 - 85*j**2 - 46*j + 150. List the prime factors of y(43).
3, 7
Let x be (1 + -5)/(6/(-501)). Let b = x - 186. Suppose 4*n = 5*v - 230, 4*v + n - b = -3*n. What are the prime factors of v?
2, 3, 7
Suppose -5080 = -2*p - 4*w, -2*p + 71 = -4*w - 5041. What are the prime factors of p?
2, 7, 13
Let b(k) = k**3 + 4*k**2 - 80*k - 2. What are the prime factors of b(11)?
3, 311
Let n(j) = -j**2 + 12*j + 9. Suppose 0*t + 5*r = -5*t + 310, -5*r - 5 = 0. Suppose -1 = -c, 2*c + c = -5*d + t. What are the prime factors of n(d)?
3
Suppose 1 = -2*q + 7, q + 27 = 3*v. Suppose -5*h - g + 6 = 2*g, -v = -5*g. Suppose h = 6*f - 231 - 81. What are the prime factors of f?
2, 13
Suppose 0*b = -2*u - 4*b + 16, -b = 3*u - 9. Let z be -2 - ((2 - 3) + u). Let k = z - -16. What are the prime factors of k?
13
Suppose 3*g - 3*n - 6 = 0, -4*n + 24 = 4*g - 0*n. Suppose 22 = g*k - 110. List the prime factors of k.
3, 11
Suppose -3*g + 4*d - 4 = g, -5*d = -20. Suppose 6*i = 21 + 3. Suppose 5*k - 126 = g*y, -3*k = -5*k + i*y + 56. What are the prime factors of k?
2, 3
List the prime factors of 9043/7 + 3/21.
2, 17, 19
List the prime factors of -3 + 210 - (-3 + 0/(-1)).
2, 3, 5, 7
Let o(z) = -z**2 - 4*z + 2. Let f be o(-4). Let a be -24*(f - -8)/(-2). Suppose 0 = 4*y + y - a. What are the prime factors of y?
2, 3
Let g = 7770 - 5064. List the prime factors of g.
2, 3, 11, 41
Suppose h + 26 = 5*r, -3 = -2*h - 2*r + 5. Let g be h/(1/(-199)) - -4. Suppose -122 = -5*t + g. List the prime factors of t.
5, 13
Let x(o) = 11*o + 5. What are the prime factors of x(4)?
7
Let g(n) = n + 8. Let w(o) = -o - 11. Let b be w(-6). Let i be g(b). Suppose -i*k + 2*k = -26. List the prime factors of k.
2, 13
Let s(z) = -z + 1. Let n be s(-2). Suppose -2*p + 4*t = -0*t - 20, 4*p - 20 = n*t. Suppose 4*o = -0*d - 2*d + 70, 73 = p*d + o. What are the prime factors of d?
37
Let z(b) = -b**3 + 5*b**2 + 4*b + 17. Let j be z(6). Suppose -n = 4, 0*n + 382 = j*c - 3*n. List the prime factors of c.
2, 37
Let j(k) = -k**3 - 3*k**2 - 9*k + 21. What are the prime factors of j(-4)?
73
Let p = 34 - 29. Suppose p*b = -3*b + 24. What are the prime factors of b?
3
Let q(n) = n**3 - n**2 - 2*n - 1. Suppose -b - 2*i = -3*i, -5*i - 36 = 4*b. Let v be q(b). Let l = v - -107. What are the prime factors of l?
2, 17
Suppose -t - 148 - 42 = 0. What are the prime factors of (-2)/(t/47 - -4)?
47
Suppose 2*y - 3 = -2*j + 3, -3*y + 9 = -3*j. Suppose 9*k - 4*k - 360 = j. Let g = k - 43. List the prime factors of g.
29
Let n(y) = 17*y + 24. Let b(q) = -1. Let c(j) = 3*b(j) - n(j). List the prime factors of c(-6).
3, 5
Let w = 62 + 10. Suppose -9*z - w = -540. What are the prime factors of z?
2, 13
Suppose 0 = -3*n - 2*n + 100. Suppose 4*a = -8 + n. Suppose -h - 4*q = -3*h + 64, 5*h - a*q = 167. What are the prime factors of h?
2, 17
Suppose 5*c + 2133 = 863. Let q = -112 - c. List the prime factors of q.
2, 71
Let b(u) = -2*u + 41. Let a be b(20). What are the prime factors of ((-71)/2 + -1)/(a/(-2))?
73
Suppose 0 = 28*m - 31*m + 5*d + 2124, -4*m = -3*d - 2821. List the prime factors of m.
19, 37
Suppose 28*p - 28055 - 54713 = 0. List the prime factors of p.
2, 739
Let a(r) = -r**3 + 2*r - 2. Let n be a(-3). Let j = 17 - n. List the prime factors of (-4599)/(-147) + j/7.
31
Let n(k) = k**2 - 5. Let u be n(3). Suppose 3*w - 34 - 20 = 2*c, -u*c - 36 = -2*w. List the prime factors of w.
2, 3
Suppose 0 = -3*m - c + 13, -5*c + 2 + 9 = -3*m. Suppose -d - 9 = -m*o - 69, -2*d + 175 = 5*o. What are the prime factors of d?
3, 5
Let d be 14 - 1/(-3)*0. Let j = d + -5. Suppose 0 = i - 32 - j. List the prime factors of i.
41
Let a be -1 + (167 - -4 - -2). Let g